 by 44?
36
Calculate the remainder when 1928 is divided by 15.
8
What is the remainder when 1382 is divided by 139?
131
What is the remainder when 309 is divided by 35?
29
Calculate the remainder when 84699 is divided by 44.
43
What is the remainder when 3256 is divided by 6?
4
What is the remainder when 5155 is divided by 27?
25
Calculate the remainder when 116 is divided by 67.
49
Calculate the remainder when 618 is divided by 69.
66
What is the remainder when 1314 is divided by 28?
26
Calculate the remainder when 246 is divided by 9.
3
Calculate the remainder when 11294 is divided by 251.
250
What is the remainder when 7745 is divided by 24?
17
Calculate the remainder when 159 is divided by 21.
12
What is the remainder when 5556 is divided by 67?
62
Calculate the remainder when 1650 is divided by 23.
17
What is the remainder when 242 is divided by 235?
7
What is the remainder when 7577 is divided by 7?
3
What is the remainder when 6142 is divided by 29?
23
What is the remainder when 159 is divided by 56?
47
What is the remainder when 184 is divided by 75?
34
Calculate the remainder when 1476 is divided by 87.
84
What is the remainder when 96 is divided by 12?
0
What is the remainder when 22 is divided by 16?
6
Calculate the remainder when 27 is divided by 13.
1
What is the remainder when 1005 is divided by 250?
5
Calculate the remainder when 6859 is divided by 70.
69
Calculate the remainder when 1012 is divided by 504.
4
What is the remainder when 1285 is divided by 45?
25
Calculate the remainder when 85 is divided by 17.
0
What is the remainder when 744 is divided by 82?
6
What is the remainder when 4875 is divided by 811?
9
Calculate the remainder when 52 is divided by 7.
3
Calculate the remainder when 664 is divided by 70.
34
Calculate the remainder when 81 is divided by 29.
23
What is the remainder when 329 is divided by 26?
17
Calculate the remainder when 1620 is divided by 14.
10
Calculate the remainder when 705 is divided by 328.
49
Calculate the remainder when 71 is divided by 14.
1
What is the remainder when 1747 is divided by 11?
9
Calculate the remainder when 340 is divided by 38.
36
What is the remainder when 315 is divided by 14?
7
What is the remainder when 3077 is divided by 40?
37
Calculate the remainder when 260 is divided by 11.
7
What is the remainder when 6695 is divided by 24?
23
Calculate the remainder when 1990 is divided by 167.
153
What is the remainder when 60 is divided by 24?
12
Calculate the remainder when 218 is divided by 44.
42
Calculate the remainder when 355 is divided by 20.
15
Calculate the remainder when 118 is divided by 17.
16
What is the remainder when 659 is divided by 223?
213
Calculate the remainder when 1127 is divided by 140.
7
Calculate the remainder when 410 is divided by 18.
14
What is the remainder when 134 is divided by 26?
4
What is the remainder when 1781 is divided by 255?
251
Calculate the remainder when 6965 is divided by 81.
80
What is the remainder when 157 is divided by 88?
69
What is the remainder when 18995 is divided by 322?
319
Calculate the remainder when 10557 is divided by 64.
61
What is the remainder when 1655 is divided by 190?
135
What is the remainder when 297 is divided by 44?
33
What is the remainder when 152 is divided by 32?
24
Calculate the remainder when 174 is divided by 25.
24
What is the remainder when 126 is divided by 97?
29
What is the remainder when 483 is divided by 21?
0
What is the remainder when 154 is divided by 71?
12
What is the remainder when 134 is divided by 49?
36
What is the remainder when 1151 is divided by 32?
31
What is the remainder when 115 is divided by 15?
10
What is the remainder when 1080 is divided by 108?
0
Calculate the remainder when 516 is divided by 104.
100
Calculate the remainder when 142 is divided by 21.
16
What is the remainder when 1394 is divided by 249?
149
What is the remainder when 4504 is divided by 55?
49
What is the remainder when 700 is divided by 27?
25
Calculate the remainder when 181 is divided by 7.
6
What is the remainder when 36 is divided by 28?
8
What is the remainder when 438 is divided by 63?
60
Calculate the remainder when 175 is divided by 22.
21
What is the remainder when 1545 is divided by 18?
15
What is the remainder when 1378 is divided by 69?
67
What is the remainder when 7200 is divided by 53?
45
Calculate the remainder when 1211 is divided by 119.
21
Calculate the remainder when 536 is divided by 170.
26
Calculate the remainder when 119 is divided by 59.
1
What is the remainder when 112 is divided by 10?
2
What is the remainder when 938 is divided by 467?
4
What is the remainder when 772 is divided by 122?
40
Calculate the remainder when 38859 is divided by 116.
115
Calculate the remainder when 31 is divided by 2.
1
Calculate the remainder when 57 is divided by 30.
27
Calculate the remainder when 5581 is divided by 11.
4
What is the remainder when 422 is divided by 36?
26
Calculate the remainder when 180 is divided by 86.
8
What is the remainder when 617 is divided by 124?
121
Calculate the remainder when 130 is divided by 82.
48
Calculate the remainder when 110 is divided by 46.
18
Calculate the remainder when 9 is divided by 9.
0
What is the remainder when 1115 is divided by 36?
35
What is the remainder when 543 is divided by 191?
161
What is the remainder when 235 is divided by 114?
7
What is the remainder when 1331 is divided by 111?
110
Calculate the remainder when 219 is divided by 124.
95
What is the remainder when 141 is divided by 135?
6
Calculate the remainder when 18286 is divided by 8.
6
What is the remainder when 1077 is divided by 99?
87
What is the remainder when 2276 is divided by 20?
16
What is the remainder when 101 is divided by 18?
11
Calculate the remainder when 960 is divided by 336.
288
What is the remainder when 224 is divided by 115?
109
What is the remainder when 7746 is divided by 2577?
15
What is the remainder when 450 is divided by 11?
10
Calculate the remainder when 717 is divided by 187.
156
Calculate the remainder when 319 is divided by 13.
7
What is the remainder when 151 is divided by 75?
1
Calculate the remainder when 1395 is divided by 28.
23
Calculate the remainder when 7202 is divided by 7.
6
What is the remainder when 81 is divided by 71?
10
Calculate the remainder when 797 is divided by 19.
18
Calculate the remainder when 19 is divided by 13.
6
What is the remainder when 383 is divided by 191?
1
What is the remainder when 282 is divided by 136?
10
What is the remainder when 411 is divided by 27?
6
What is the remainder when 4513 is divided by 644?
5
What is the remainder when 145 is divided by 102?
43
Calculate the remainder when 60 is divided by 17.
9
What is the remainder when 218 is divided by 14?
8
Calculate the remainder when 321 is divided by 14.
13
Calculate the remainder when 413 is divided by 4.
1
What is the remainder when 348 is divided by 85?
8
What is the remainder when 569 is divided by 68?
25
Calculate the remainder when 1976 is divided by 110.
106
What is the remainder when 166 is divided by 17?
13
Calculate the remainder when 1930 is divided by 84.
82
What is the remainder when 169 is divided by 31?
14
Calculate the remainder when 148 is divided by 32.
20
What is the remainder when 1862 is divided by 464?
6
What is the remainder when 867 is divided by 13?
9
What is the remainder when 24812 is divided by 141?
137
What is the remainder when 960 is divided by 27?
15
Calculate the remainder when 553 is divided by 172.
37
Calculate the remainder when 431 is divided by 158.
115
Calculate the remainder when 270 is divided by 20.
10
What is the remainder when 800 is divided by 272?
256
Calculate the remainder when 829 is divided by 26.
23
Calculate the remainder when 829 is divided by 203.
17
What is the remainder when 129 is divided by 57?
15
Calculate the remainder when 40 is divided by 11.
7
Calculate the remainder when 557 is divided by 34.
13
What is the remainder when 593 is divided by 550?
43
What is the remainder when 110 is divided by 32?
14
Calculate the remainder when 3574 is divided by 49.
46
Calculate the remainder when 732 is divided by 2.
0
Calculate the remainder when 186 is divided by 62.
0
What is the remainder when 131 is divided